?
14
Let w(n) = 240*n - 1926. Let m be w(8). Let i(t) = -t**2 + 8*t + 1. Let p(k) = 2*k**2 - 9*k. Let v(y) = 3*i(y) + 2*p(y). Calculate v(m).
3
Suppose -3*j - 5*t = 2, 4*j + 1 = -5*t - 0. Suppose 10*i = 14*i - 12. Let o(a) = 37 - 4*a - 38 + i*a. What is o(j)?
-2
Suppose 35 + 0 = 2*q - 5*r, 3*r + 9 = 0. Suppose 2*p - q = -6. Let g(z) = 12*z - 3. Calculate g(p).
21
Let f(d) = -d**3 + 11*d**2 - 9*d - 3. Let r be f(10). Let n(a) = a**2 + 2 - 2*a**3 + 2*a**3 + 8*a - a**3 - r*a**2. Give n(-7).
-5
Let j(s) = -479*s**2 - 5*s + 1 + s**3 + 482*s**2 + 0*s**3. Determine j(-5).
-24
Let u(l) = 7*l**2 - 7*l - 15*l**3 + l**3 + 1 + 5*l**3 + 7*l**3 + 3*l**3. What is u(-8)?
-7
Let w(t) = -2*t + 3. Let x(r) = 6*r - 23. Let u(q) = 5*w(q) + x(q). Calculate u(-5).
12
Let u(d) = 11*d - 2. Let x = -293 + 296. Give u(x).
31
Let g(m) = -4*m**2 - m + 2. Let l = 207 + -210. Determine g(l).
-31
Let j be 0 + 0 + -2 + -2. Let l(p) = 2*p + 11. Let m be l(j). Let v(a) = -2*a**2 + 4*a + 1. Determine v(m).
-5
Let w(y) = y**3 - y - 1. Let t(v) = 4*v**3 + 5*v**2 - 5*v - 1. Suppose -6 = -2*u + 2*o, -16 = -5*u + u + 2*o. Let d(p) = u*w(p) - t(p). Give d(4).
-20
Let o be 3/(-14) + 67/(-14). Let q(t) = t**3 + 7*t**2 + 9*t + 2. What is q(o)?
7
Let w(f) = -148 + f - 143 + 290. Determine w(3).
2
Let v(l) be the first derivative of -l**7/280 + l**6/360 - l**5/120 + 13*l**3/3 + 3. Let q(s) be the third derivative of v(s). Calculate q(1).
-3
Suppose -4 = -2*z - 0. Suppose -3*n + 15 = 0, 4 - 5 = -z*o - n. Let g(t) be the second derivative of -t**4/6 - t**3/6 + t**2/2 + t. What is g(o)?
-5
Let q(b) = -b**3 - 3*b**2 - 2*b. Let l be q(-2). Let c(x) = 2*x - x - 1 + l*x - 2. Determine c(0).
-3
Suppose 3*j + 3*p + 48 = 0, 2*j + 4*p - 8 + 46 = 0. Let f(w) = w + 12. Calculate f(j).
-1
Let f(i) = -2*i + 2. Suppose -m + 3*l + 13 = 0, -m + l + 12 = 1. Let s be 1 + 9/11 - m/(-55). Give f(s).
-2
Let u = 219 + -217. Let c(h) = -7 - 16*h**2 + 36*h**u - 18*h**2 - 6*h. Let i(s) = -s**3 + 4*s**2 - s - 1. Let m be i(3). Give c(m).
13
Let g(a) be the third derivative of a**6/360 - 7*a**5/120 - 11*a**4/24 - a**3/3 + 21*a**2. Let n(o) be the first derivative of g(o). Determine n(8).
-3
Let o(k) be the second derivative of -2*k**3/3 - 15*k**2 - k - 2. What is o(-9)?
6
Let o(f) = -f + 7. Let w(z) = -1. Let b(k) = -o(k) - 5*w(k). Let s be b(4). Let i(c) = -4*c**3 + 2*c + 3*c**3 + 0*c - 1 + 2*c**2. Give i(s).
3
Let r(x) be the second derivative of 1/3*x**3 - 1/30*x**5 - x**2 - 5*x - 1/8*x**4 + 0. Let q(c) be the first derivative of r(c). Calculate q(-3).
-7
Let z(u) = u - 9. Suppose -5*s - 14 = 31. Let i(p) = -2*p**2 - 19*p - 9. Let m be i(s). Calculate z(m).
-9
Let k(m) = -3*m + 1. Let b be -1 + (-6)/14 + 1360/(-28). Let j be b/20*(-18)/15. Give k(j).
-8
Let y(a) = 2*a**3 - 8*a**2 - 2*a + 11. Let t(g) = -3*g**3 + 8*g**2 + 3*g - 12. Let m(v) = -3*t(v) - 4*y(v). Let d(p) = 7*p - 1. Let l be d(-1). Determine m(l).
0
Suppose -5*f - 3*v = -0*v - 53, 0 = -f - v + 11. Let w be (8/f)/((-6)/30). Let j(c) = c**3 + 5*c**2 + 4*c + 5. What is j(w)?
5
Let g(h) = h - 2. Let p(m) = 5*m + 16. Let u(k) = -6*g(k) + p(k). Calculate u(0).
28
Let k(p) = -2*p - 11. Let y be k(-4). Let r(b) = b**3 - 5*b - 2. What is r(y)?
-14
Let x(z) = z**3 + 26*z**2 - 26*z + 28. Let f be x(-27). Let p(g) = -3 + 8 + 3*g - f. Calculate p(-3).
-5
Let f(c) = -c**2. Let b(s) = 7*s**2 - s + 4. Let h(o) = -b(o) - 6*f(o). Determine h(3).
-10
Let h(w) = 10*w**2 + w + 1. Suppose -3 = 34*i - 31*i - g, 3*i + 3 = 5*g. Give h(i).
10
Let t(m) = -2*m**2 - 3*m**2 - 6*m + 0 + 7 + 6*m**2. Let p(i) = -i**2 + 10*i + 6. Let a be (-12)/78 - (-132)/13. Let g be p(a). What is t(g)?
7
Let u(s) = -2*s**3 - 4*s**2 - 2*s. Let h(w) be the first derivative of w**3/3 - w**2/2 - w - 4. Let v be h(-2). Let f = v - 7. Determine u(f).
4
Let y(z) = -17*z**3 + z**2 + z + 1. Let k = 420 - 421. Determine y(k).
18
Let x(a) = 3*a**3 - a**2 - a. Let d(o) = -o**2 + 28*o - 98. Let z be d(4). Calculate x(z).
-26
Suppose -5*j + 5*i = -20, 3 = 5*j + 4*i + 1. Let f(h) = -20*h + 24*h - h**3 - 3 + 2*h**j + 0. Let p(g) = g**3 - 4*g**2 - 3*g - 7. Let z be p(5). Calculate f(z).
0
Let c(v) = 4*v**3 + 14*v**2 - 20*v - 17. Let r(y) = 5*y**3 + 14*y**2 - 24*y - 17. Let t(k) = 6*c(k) - 5*r(k). Calculate t(14).
-17
Let v be (-6)/(-10) - ((-1504)/(-40) + -13). Let o(u) = u**3 + 24*u**2 + 6. What is o(v)?
6
Suppose -3*x + 6 = -0. Suppose -20 = -3*p - p. Let w(v) = 9*v**2 - 7*v + 5. Let b(l) = -4*l**2 + 3*l - 2. Let k(r) = p*b(r) + 2*w(r). Give k(x).
-6
Let s(m) = -m**3 + 8*m**2 - 5*m + 7. Let j be s(7). Let b be (3 + j/(-6))*-4. Let y(f) = 2 + 2*f - 2*f + 3*f**2 - 2*f**3 - 3*f. What is y(b)?
-8
Let t be -5*(-4)/10*1. Let r(q) = 6 - t*q + q - 1 + 2*q. What is r(-10)?
-5
Let v(c) = c + 1. Let x(k) = -3*k - 4. Let s(g) = 4*v(g) + x(g). Let d be ((7 + -6)/3)/((-2)/30). Calculate s(d).
-5
Let g(o) = 31 + o - 13 - 13. What is g(0)?
5
Let u(a) = 85*a + 28. Let m(i) = -14*i. Let c(d) = 6*m(d) + u(d). Determine c(-15).
13
Let w(t) = 106 - 121 + 6*t**3 + t + 17*t**2 - 7*t**3. Calculate w(17).
2
Let h be (-4)/(-5)*25/10. Let n(t) = -16*t + 14*t - 2 + 3. What is n(h)?
-3
Let a(q) = -q**2 - 6*q - 1. Let z(c) = -c**2 - 6*c + 7. Let i be z(-7). Suppose i = -4*o - 8 - 0. Let u be (o - 0)*(-5)/(-2). Calculate a(u).
4
Suppose 4*g + 57 = -5*y, 3*g - 99 = 5*y - 28. Let j(n) = n**3 + 13*n**2 + n + 7. What is j(y)?
-6
Let g(i) = -11*i**2 - i + 4. Let s(n) = 5*n**2 - 2. Let b(m) = -2*g(m) - 5*s(m). Calculate b(-2).
-14
Let m(f) be the second derivative of f**3/6 + 3*f**2/2 - f - 22. Suppose -4*b - 6 = -2*b. Give m(b).
0
Suppose 3*f - 2*j + 15 = 0, 8*f + j + 25 = 3*f. Let g be (-5 - -2) + (3 - f). Let l(x) = -x**3 + 3*x**2 + 6*x + 3. What is l(g)?
-17
Let k(x) = -x**2 - 14*x - 8. Let n = -1446 - -1437. Determine k(n).
37
Let v(z) = z**2 + 5*z + 3. Let a be v(-6). Let g(l) be the third derivative of -l**4/24 + 11*l**3/6 - l**2 + 442*l - 2. What is g(a)?
2
Let g(x) = -x**2 - 3. Let n(t) = t**3 + 11*t**2 + 33*t + 20. Let o be n(-6). Calculate g(o).
-7
Let y be -3 + 2 - (-2 - -2). Let f be (-7 + 4)*3*y. Suppose -5*h + f = 4. Let l(g) = 4*g**2. What is l(h)?
4
Let c(x) = -3*x**2 + 0*x**3 - 4 - x**2 - x**3 + 5 + 0*x**3. Suppose 2*g = -g. Suppose -4 = a - g. What is c(a)?
1
Suppose -3*q = -0*q + 210. Let m = q + 69. Let a(k) = -k - 1. Give a(m).
0
Let z(g) be the first derivative of -g**3/3 - g**2/2 + 4*g + 158. Determine z(-3).
-2
Let j(k) = -20*k + 39*k - 20*k + 21. Determine j(18).
3
Suppose v + 5*h = -5, v - 3*h = 19 - 8. Let y(f) be the third derivative of -5/6*f**3 + v*f**2 + 7/24*f**4 + 0 - 1/60*f**5 + 0*f. What is y(7)?
-5
Let a be (-864)/(-1053) + -4*2/52. Let n(h) be the third derivative of 0 + 7*h**2 - 1/24*h**4 + 0*h + a*h**3. Determine n(-4).
8
Let g(z) = 3*z - 12. Let t = -41 - -83. Suppose 0 = 6*b - 13*b + t. Give g(b).
6
Let t(i) = 1 - 6*i**3 + 8*i**3 + 84*i - i**3 - 64*i + 20*i**2 + 0*i**2. Calculate t(-19).
-18
Suppose -v - 4 = -a, -4 = 4*a - 0*v + v. Let f(x) be the third derivative of 7/24*x**4 + 0 - 4/3*x**3 + a*x - 1/60*x**5 - 7*x**2. Give f(7).
-8
Let f = 30 + -28. Let j(k) = f + 3 - 2*k - 4. Calculate j(-1).
3
Let d be 2/(141/21 + -7). Let u(s) = -3*s - 1. What is u(d)?
20
Suppose 0 = 2*f + 68 - 52. Let c(q) = -q**3 - 7*q**2 + 7*q - 7. Calculate c(f).
1
Let p(d) = d**2 + 15*d - 40. Let a be p(-17). Let y(b) = -5*b**2 - 4*b - 5. Let z(o) = o**2 + 1. Let r(m) = a*z(m) - y(m). Give r(4).
-1
Let k be (0 + 1)/((-170)/35 + 5). Let a(p) = -7*p + 41. Give a(k).
-8
Let l = 309 - 309. Suppose 0 = -4*p - 5 + 1. Let c(k) = 3*k - 5. Let d(x) = x. Let v(q) = p*c(q) + 4*d(q). Give v(l).
5
Let c(g) be the third derivative of -g**6/120 - 7*g**5/60 - g**4/4 - g**3/6 + 214*g**2. Give c(-7).
41
Let m be 4/(-10) - 6/45*-18. Let k(r) = 77*r**2 - m + 0*r**3 - 77*r**2 + r**3. Calculate k(0).
-2
Let r(k) be the second derivative of k**4/12 - k**3/3 - 3*k**2/2 - 4*k + 5. Let v be (-9)/(135/(-20))*(-6)/4. Determine r(v).
5
Let c(t) be the second derivative of t**3/6 - t**2 + 61*t + 2. Determine c(4).
2
Let i(y) = 1 - y**3 - 1013*y**2 + y + 1013*y**2. What is i(-2)?
7
Let k(v) = -v**3 - 7*v**2 - 4*v + 5. Let x be (-6)/18 - (-1)/3. Suppose o - 42 + 12 = x. Suppose -o = 5*a - 0*a - 4*s, -s = 0. Give k(a).
-7
Let q(l) = -l**3 + l**2 + l - 1. Let p(